 - 1
2
What is the value of 7 + -6 + -3 - (6 + -5)?
-3
(-10 - -7 - -2) + 6 - 5
0
Evaluate -5 - ((2 - (3 - 2)) + -5).
-1
7 + -1 + -13 + 9
2
What is -3 + 2 + (2 - (0 - -2))?
-1
Calculate 0 + -7 + 10 - 0.
3
What is the value of -6 + -2 - -10 - (-1 + 1)?
2
Calculate 1 - 3 - 8 - -6 - 3.
-7
Calculate 0 + 2 + -4 + -5 + 9.
2
What is the value of -3 + (-4 - -3) - -12?
8
13 + (-10 - 5) + 2 + -6
-6
What is ((10 - 2) + -3 - 4) + -4?
-3
What is -7 + -2 + 5 - 4 - -2?
-6
Calculate -4 - -7 - 5 - -1.
-1
Evaluate 7 + -2 + 0 - 3 - -3.
5
(-9 - (7 + -15)) + -6
-7
Evaluate -4 + -12 + 18 + -1.
1
Calculate 9 - (9 + (-4 - -4)).
0
What is the value of (-9 - 1) + (-7 - -13)?
-4
What is the value of (-9 - -5) + -1 + 8?
3
Calculate -2 + (-2 + 0 - -3) - -3.
2
Evaluate 7 + -11 + 5 + 1.
2
What is (-4 - (-8 + 10) - -4) + -6?
-8
Evaluate -4 + 2 + 7 + 1 + -2.
4
What is the value of -3 - (3 - (11 + 1) - -1)?
5
Calculate -7 - (-22 + 2 + 11).
2
4 + -16 + 32 + -13
7
What is 6 - (-7 - -12) - (1 + 1)?
-1
Evaluate -1 + -1 - (-3 + 2 + 1).
-2
What is 5 + -1 + 7 - 8?
3
(-18 - -9) + -2 + 6
-5
Evaluate -5 + (18 - 6) - 7.
0
Calculate (-3 - (3 - 4)) + 0 + -3.
-5
What is (0 - -6) + 62 + -64?
4
Evaluate 22 - 27 - (-1 + 3 + 0).
-7
What is (-2 + 4 - (4 - 6)) + -11?
-7
(-1 - -7) + -11 + 2
-3
What is (21 + -1 - 8) + -5?
7
What is the value of (-1 + 9 - 2) + (10 - 13)?
3
What is 5 - (0 + -11 + 6 + 4)?
6
-11 + 5 + 8 + -15 + 5
-8
What is the value of 7 + -3 + (7 + -15 - -6)?
2
9 + -3 - (0 - -4)
2
Calculate (8 - 5) + 5 + -3.
5
Evaluate 0 - ((-8 - -16) + (-3 - 0)).
-5
6 + -11 - -9 - (3 + 3)
-2
What is -7 + 6 + -8 - (-5 + 2)?
-6
-6 - (6 - 4 - 6)
-2
Evaluate (1 - -4) + -8 - (-6 - 0).
3
Evaluate -12 + 6 + (7 - -1).
2
0 - (3 - -1 - (-12 + 14))
-2
Calculate 0 - (-7 - 0 - -1 - -9).
-3
2 - (2 + -2 + 4) - -1
-1
What is 3 + (-4 - (-5 - -4))?
0
3 + 4 + -6 - 5
-4
-2 - (-3 - 1 - -4) - 1
-3
What is (0 - -1) + 8 - 3?
6
What is the value of 1 + 0 + -9 - (3 - 9)?
-2
Evaluate 1 - 1 - -3 - (3 - 6).
6
Calculate -8 + -41 + 49 + 6 + 1.
7
Calculate (-2 - (0 + 5)) + 1 + -3.
-9
What is 2 + 1 + (1 - 4) + 3?
3
-11 + 6 - (2 + -3)
-4
What is -4 + (9 - (-3 + (7 - 4)))?
5
Calculate (6 - (1 - -4)) + -2 - -1.
0
Evaluate 3 + (2 - (0 + 7)).
-2
2 + (-1 + 4 - 4)
1
What is (0 + -3 - (28 - 36)) + -3?
2
Evaluate 2 + (4 - 6) - 3.
-3
What is -6 + (2 - 0) + 2?
-2
What is the value of 7 - 19 - (3 - 8)?
-7
(1 - -1) + 15 + -13
4
Calculate 4 + (5 + -10 - 0) + -5.
-6
8 + 0 + (1 - 6)
3
Calculate (-6 - 0) + 5 + 4 + -5.
-2
What is -4 + -1 + 6 + -2 + -2?
-3
Evaluate -3 + 3 + 3 - (-2 - -2).
3
What is the value of -4 - (-3 + (5 - 3))?
-3
What is the value of 9 + (-1 - (1 - 1)) + -3?
5
What is the value of (-1 - (-2 + 2)) + 5 + -8?
-4
-12 - (7 + -9 - 13)
3
What is the value of 1 + 2 + -1 + -1 + -5?
-4
Evaluate 5 - (0 + 1) - (97 + -97).
4
Evaluate (-7 - -1) + -3 - (-59 + 50).
0
-12 + 28 - (1 + -5 - -11)
9
Evaluate 4 + -1 + 1 + -1.
3
-1 + -1 - 0 - -2
0
Evaluate -4 - (0 - (-5 - (7 - 14))).
-2
0 - (1 - 0) - (20 - 14)
-7
What is the value of -27 + 31 - (-2 + 2 - 1)?
5
What is the value of 3 - (5 - 1 - 1)?
0
What is -4 + (1 - (-4 - -3)) + -6?
-8
1 - (1 + (2 - 0)) - -4
2
5 + -16 + (15 - 1)
3
What is the value of 0 - -3 - (28 + -25)?
0
What is 3 - 7 - (-5 - (-6 + 2))?
-3
What is (-19 - -4) + (0 - -10)?
-5
What is -11 + (-14 - (-10 + -4))?
-11
Calculate (0 + 15 - 11) + (0 - 11).
-7
Calculate -4 + (-2 - (-9 + 7)).
-4
Evaluate -2 + (-7 - -11) - -3.
5
-4 + 6 + 12 + -7
7
What is the value of (-8 - (8 - (0 - -17))) + -8?
-7
Evaluate -6 + (1 - ((1 - 0) + -2)).
-4
What is the value of 1 + 0 - ((4 - 9) + 5)?
1
Evaluate -5 + 0 + (-8 - (5 + -16)).
-2
What is -7 + (2 + 15 - 11)?
-1
Calculate (-1 + 3 - (-4 + 2)) + -5.
-1
What is 5 - (-5 + 7 + 2 + 2)?
-1
Calculate -2 + 0 - 4 - (-12 + 11).
-5
Calculate -6 - -3 - -4 - -4.
5
What is (1 - 1) + -5 + 1?
-4
What is the value of (3 - 1 - 9) + 57 + -57?
-7
Evaluate 4 + -2 - (-5 - -3).
4
Calculate -1 + -2 + -2 + (-5 - -10).
0
(1 - 4) + (5 + -9 - -2)
-5
2 - ((-7 - 1) + -14 + 16)
8
Evaluate 1 + (6 - 4) - (1 - -2).
0
Evaluate -8 - (-1 - (7 + 2)).
2
Evaluate 3 + -7 + 6 + -8.
-6
What is 1 + (10 - (9 + -5))?
7
Calculate -3 + 5 + -5 + -1.
-4
Calculate 1 + (-2 - 1) + (-1 - 2).
-5
What is the value of 8 + (-17 - -11 - -7)?
9
8 + -5 - (-1 - 1)
5
Calculate (-1 - -3) + -17 + 14 - -7.
6
Evaluate -2 - (3 + -2 - (-7 + 8)).
-2
(0 + 16 - 9) + -1 + 1
7
Calculate -3 - (-5 - -3) - 1.
-2
Evaluate -26 + 34 + (-5 - 0).
3
What is the value of (-4 - (5 + 3)) + 6 - -2?
-4
What is (-4 - 5 - -15) + -13?
-7
What is the value of (6 - (3 + -7)) + -5?
5
Evaluate -2 + (-5 - -2 - -7).
2
Evaluate -8 - (5 - 32 - -10).
9
Evaluate 2 + 3 - (-51 + 60).
-4
Calculate (1 + -2 - -3) + -5.
-3
Evaluate -1 + 5 + (-5 - -3).
2
Calculate -7 + 3 + 2 - -2.
0
What is -1 - (3 + 1) - 3 - -3?
-5
Calculate -1 + 1 + (8 - 12).
-4
What is the value of -5 + (6 - (4 - 0))?
-3
What is the value of (-1 - 1) + -4 + 7?
1
Calculate -9 - (12 + (-13 - -6) - 7).
-7
What is the value of 4 + -3 - -1 - (-4 + 3)?
3
Evaluate 4 + -8 + (-18 - -17).
-5
Evaluate -2 - (-2 - 1 - -3).
-2
What is -9 - (-15 + 9 + -9)?
6
Evaluate (38 - 37) + -8 + -1.
-8
Calculate 1 + 0 - (2 + -2 - -2).
-1
What is (8 - (1 - -1)) + -3?
3
What is the value of (4 + -10 - -3) + 1 + -3?
-5
Calculate -47 + 37 - ((2 - 14) + 4).
-2
Evaluate 0 - -9 - (7 - (5 + -1)).
6
What is the value of (8 - 6 - (-1 - -3)) + 0?
0
Calculate 5 - ((29 - 23) + (1 - -4)).
-6
What is the value of 3 - (-1 + -1 - (0 - -2))?
7
What is the value of 5 + 2 + (0 - 0) + -2?
5
What is the value of -7 + (9 - (2 + 5)) - -2?
-3
What is (-1 - -2) + 0 + -3 + 5?
3
What is ((0 - -1) + -2 - -4) + 0?
3
6 - (2 - (-4 + 1)) - 5
-4
Evaluate 1 + 6 + (-2 - 0).
5
What is the value of 5 - (9 + -4) - -5?
5
Calculate 3 + -2 + 2 - (0 - 3).
6
What is -3 + 1 + 3 + -2?
-1
7 + -4 + 0 + 1
4
-1 + 2 + (-2 - -1 - -3)
3
Evaluate 15 - 12 - -5 - (2 - -2).
4
Calculate (12 - 0) + -1 + -6 + 1.
6
Evaluate 2 + (5 - 16) + 4.
-5
What is the value of 19 + -14 + -11 - (1 - 1)?
-6
What is the value of (5 - 11) + (7 - 2) + -4?
-5
Evaluate 1 + -4 + (-7 - -5) - -11.
6
(-3 - 4) + 0 + 3
-4
Calculate 0 + -4 + (1 - (0 + -2)).
-1
What is 2 - (3 - (0 - -5) - -7)?
-3
1 + 3 - (3 - (5 - 2))
4
Evaluate 1 + -3 + (3 - -4) - 1.
4
Calculate 2 + 8 + -14 - 3.
-7
Calculate 5 - (1 + 15 + -2) - 0.
-9
What is the value of 3 + (6 + -13 - -4)?
0
What is -1 + (-16 - -20) + (2 - 1)?
4
Calculate -6 - (6 - 16) - 7.
-3
3 + -3 + 0 + 0
0
Evaluate 2 + (3 - (5 + 2)).
-2
What is 3 - (-4 + 4 + 8)?
-5
Evaluate (-2 - (-6 + 1)) + -1 - 5.
-3
Evaluate (10 - 15) + 0 + 3.
-2
-2 + 3 + -7 - (-11 - -1)
4
What is 12 - 15 - (-5 - (0 + 0))?
2
What is (-5 + 9 - -2) + -4?
2
What is -9 - (6 + (10 - 24))?
-1
What is -12 - (10 + (5 - 32))?
5
Calculate -8 + 1 + (0 - (2 + -5)).
-4
Evaluate -8 + (-2 - (-3 + -4)).
-3
What is (-10 - -15 - 5) + -2?
-2
Evaluate (17 - 12) + (1 - 2) - 5.
-1
What is 5 - 3 - (12 - (-6 + 9))?
-7
2 + 2 - 4 - -5
5
Evaluate (-7 - 7 - -7) + 10 + -3.
0
3 + 0 + (1 - 5) + 1
0
What is the value of (-5 - -7) + 1 + 0 - 3?
0
What is the value of -2 + (-5 - -2 - -5)?
0
What is -1 + 4 + -3 + 6?
6
(29 - 22) + (-1 - 2)
4
What is the value of -4 - (-1 - (-5 + 5))?
-3
3 + -5 + 9 + 0 + -5
2
Calculate (-12 - -10) + 7 - 9.
-4
Evaluate 3 + -1 + -7 + (2 - -2).
-1
What is 0 - 1 - -3 - (1 - -1)?
0
What is the value of 3 - (6 - (-5 - -2))?
-6
33 + -30 - (-8 + (6 - 4))
9
What is the value of 0 + 2 + 2 + (0 - -1)?
5
Calculate -2 + 1 + 0 + 0 - -5.
4
What is 15 - 15 - (-1 - (0 + 1))?
2
What is -1 + -6 + 6 - -2?
1
What is -4 - (-2 - (-4 + 6)) - 2?
-2
(2 - 6) + (-6 + 3 - -3)
-4
Calculate -9 - (-2 - 2) - (-4 - 3).
2
What is the value of 244 - 242 - (1 + (-5 - 0))?
6
(1 - 1) + -4 + 8
4
Evaluate -1 - 4 - (-7 - (0 + -3)).
-1
What is the value of -3 + 1 - -1 - (-3 - -3)?
-1
Evaluate -5 - ((-3 - -11) + -3 + -2).
-8
Evaluate -2 - (13 + -20 - (-1 + -1)).
3
Calculate (5 - -1 - 5) + (-2 - -5).
4
Calculate -8 - (5 + (-1 - -2) - 12).
-2
-9 - ((-2 - -3) + 14 + -18)
-6
What is the value of (0 - -2) + -11 + (-3 - -8)?
-4
Calculate 5 - (12 - (4 + -2)).
-5
Evaluate -2 + (5 - 5) + -1 + 5.
2
What is -5 - -1 - (23 + -23)?
-4
(-3 - -6) + 1 + 1 + -2
3
Evaluate 96 + -100 - (1 + -4).
-1
What is (2 - -1) + -4 + -3?
-4
Evaluate (17 - 15) + -11 + (1 - -1).
-7
What is the value of -5 + (18 - (2 - -11